 4))
9
What is -3 - 0 - (-4 - (5 - 0))?
6
What is -4 + (-3 - 4) + 8 + -17 + 0?
-20
What is 7 - (7 + -16 - (-5 + -7))?
4
What is -10 - (5 - -1) - (23 - 25)?
-14
-14 + (4 + 10 - -30)
30
-4 + -20 + 29 - 20
-15
Evaluate 7 - 2 - (5 + -9 + 8 + -8).
9
(17 - 5) + -12 - -16
16
What is the value of 8 - (38 + -10 - 16)?
-4
9 + -8 + 10 + 3 + -2
12
Calculate 26 - (-4 - -12) - 12.
6
What is the value of 2 + (9 - 3) + (-14 - 2)?
-8
14 - 20 - 28 - -22
-12
What is the value of -6 + (-1 - 2) - (-8 + 20)?
-21
Evaluate (7 - (10 + 13)) + 4.
-12
0 + -7 + (2 - 11 - -20 - 12)
-8
What is -18 + (3 - -20) + -3 + -12?
-10
Calculate 22 + -15 - -36 - (4 + 10).
29
Calculate (-2 - -49) + -78 + 55.
24
What is the value of 2 + 18 + -2 + 7 - 6?
19
What is the value of (-2 - 2 - (-41 - -30)) + -28 + -2?
-23
Evaluate 8 + 9 + (-13 - (11 - 8 - 7)).
8
26 - (-59 + 60 - (0 - 9))
16
(0 + 4 - (13 + (6 - 14))) + -19
-20
Calculate 35 - 31 - (-4 + (-1 - -10)).
-1
Evaluate 5 + -11 + 1 + -2 + 7.
0
Calculate 3 - ((10 - -1) + (2 - (6 + -7))).
-11
What is the value of -4 + -20 + -77 + 106?
5
Evaluate (22 - 5) + -8 - -1 - (-2 - -11).
1
40 - (-54 + 41 + 21)
32
Calculate (660 - 647) + (3 - (19 + 2)).
-5
Evaluate (-27 - -38 - 7) + -12 + -2.
-10
Evaluate 0 + (7 + -2 + -8 - -9).
6
Evaluate 11 - -9 - -10 - 43.
-13
What is the value of 25 + (9 - 41) + 7?
0
What is the value of (-10 - 0) + 46 + -32 + -9?
-5
Evaluate 0 + (0 - 4) - (14 + -57) - 6.
33
What is the value of -3 + 2 + (-16 - -12)?
-5
What is -11 + 6 + -11 + (9 - 11)?
-18
What is 9 - (-19 + 10 - -29) - (0 + 1)?
-12
What is 10 + 5 + -13 + (13 - 10)?
5
What is the value of (19 - 16) + -7 - -7?
3
9 + 0 + 25 + -23 + -1
10
What is -20 - (3 - -2 - 26)?
1
Calculate (-9 - (-1 - 26) - 9) + -16.
-7
Evaluate 4 - ((-7 + 11 - -3) + 4).
-7
Evaluate -604 + 636 - (0 - -10).
22
What is the value of 976 + -953 + 2 + 3 + -15?
13
Evaluate -2 + -3 + (-6 - (-8 - -8) - -6).
-5
Calculate 8 + (-19 - -9) + -4.
-6
Evaluate -2 - 4 - (-1 + 9) - (-9 + 4).
-9
What is (11 - (9 + 3 + -5 + -31)) + -9?
26
Calculate -4 + ((4 - 4) + 2 + -5 - 3).
-10
Evaluate 2 + (-4 - -4) + -4 + 0 + 1.
-1
What is 9 + -6 + (14 - 4) + -1 - 3?
9
What is 15 - (-5 + (-2 - -1 - -6)) - 7?
8
Evaluate (7 + -2 - (9 - (-2 + 9))) + 2.
5
What is the value of 5 + 8 + 11 + -8?
16
What is (15 - 21) + 4 + -3?
-5
What is the value of -4 + (19 + -6 - 3) - 4?
2
Calculate (1 - -6) + (-20 - (24 + -20)).
-17
Evaluate 3 - (-20 + 38 - 7).
-8
Evaluate (14 - 11) + -1 + -10.
-8
What is -27 - (10 + (-7 + (-1 - -5) - 16))?
-18
What is the value of 4 + (0 - (23 - 8))?
-11
What is the value of -7 + (6 - (-6 + (-3 - -5 - -7)))?
-4
What is -13 - (-8 + 16 + -21)?
0
Calculate 26 + (-23 - (22 + -42)).
23
1 + 11 + -11 - (-7 + 3 + 0)
5
What is the value of -35 - -14 - -7 - -17 - -4?
7
-6 - -2 - 1 - (147 + -157)
5
Evaluate -11 + (10 - (9 + -14)) + -20 + 1.
-15
Calculate (15 - 26) + 4 + 29.
22
Evaluate 12 - (-8 + (-12 - -36)).
-4
What is the value of -208 - -208 - (-1 - 0 - -17)?
-16
Evaluate (3 + -2 - -7) + (-1 - 1) + 6.
12
5 - (-1 + 0 - (57 - 54))
9
(3 - -7) + (22 - 5 - 18) + 2
11
-1 + (8 + -15 - -10) + 2
4
What is the value of (-7 - (1 - 5)) + (19 - 19) - 5?
-8
What is the value of (-24 - (-18 - 0)) + -7?
-13
What is 1 + (8 + (-2 + 5 - 7) - 11)?
-6
Calculate 25 + -11 + 8 + -20.
2
Calculate 13 + 3 + 8 + -16.
8
Calculate -14 - (14 + -45 + 15) - -16.
18
Evaluate (3 - (-2 + 7)) + -9 - -2.
-9
Evaluate (379 - 392) + (27 - 1).
13
24 - (0 - -1) - (89 - 94)
28
Calculate (-8 - -9) + -8 + 2 + (-4 - -4).
-5
What is 9 - -1 - 11 - (0 - -1) - 8?
-10
0 + -4 - (-15 - (2 - 2))
11
What is -1 - -6 - (-73 + 14 + 62)?
2
Evaluate 0 - (5 - -2) - (-4 - (4 + 15)).
16
What is the value of -13 + 8 + (-1 - -4)?
-2
Evaluate 0 - (0 - 1) - (451 + -461).
11
What is the value of (-68 - -60) + 1 + 12?
5
What is (-1 - 3) + 90 + -154 + 36?
-32
What is the value of -6 - (2 + (1 - (6 - 4)))?
-7
Evaluate 20 + -4 - (8 + 0 + 2).
6
-6 + -1 + (17 - (-7 - (-5 - 7)))
5
What is the value of (-7 + 26 - 10 - 5) + -12?
-8
(-22 + 22 - (3 + 1)) + (0 - 6)
-10
-5 + (82 - 34) + -72
-29
Calculate -10 + 26 + -7 + -24 - -4.
-11
What is -226 + 203 - (-1 - 12)?
-10
What is the value of -495 - -459 - (-20 + -2)?
-14
(-9 - -18) + -12 + 10
7
What is the value of (43 - 25 - 1) + -15?
2
Evaluate -8 - (-8 + -1) - 0 - (-1 + 0).
2
What is the value of -4 + (10 - 0 - (-2 + -2) - 7)?
3
0 - 0 - (113 - 120)
7
What is -3 - 1 - (-372 + 385) - -19?
2
0 + -2 + (3 - -9) + 3
13
What is the value of (7 - 25 - (-22 - 0)) + -38?
-34
What is the value of 11 + (13 + -11 - 14) + 9?
8
(-49 - (-33 + 5)) + 2
-19
What is (9 + 9 + -12 + 19 - 4) + -9?
12
Calculate -4 + 16 + -4 + -23.
-15
What is the value of 10 + -23 + (4 - (-1 - -6))?
-14
3 + 1 + 2 + 2 + 12 + 0
20
23 + 2 + (0 - 5) + (59 - 62)
17
What is the value of 27 - (-42 - -58 - -12)?
-1
Evaluate 4 + (-18 - (-26 - -4)).
8
31 - (-22 + 3 - -50) - (0 - -20)
-20
Evaluate 182 + -183 + (9 - 1).
7
2839 + -2820 + (-6 - (-2 + 2))
13
-3 + 6 + 5 + -7
1
Evaluate 1 - (-14 + 12) - (-2 + -17).
22
Calculate -4 + -2 + 11 + (0 - -14 - 40).
-21
What is 2 + (14 - 16 - -3)?
3
Calculate 0 - (6 - 0 - 16 - -9 - -9).
-8
What is the value of 6 - (-2 + 12 + -6) - -6?
8
Evaluate 15 + -2 - (-1 + 3).
11
What is the value of -3 + (9 - 18) - (1 - (-2 - 1))?
-16
What is the value of (-31 - 25 - -59) + -1 + -26?
-24
What is -2 + 50 - (-675 - -711)?
12
What is the value of (202 - 195) + (-1 - (-10 - -2))?
14
What is (-10 - (7 - (-3 - -27))) + 0 + -12?
-5
What is the value of 4 - (1 - -1) - (-10 + 30)?
-18
5 + 27 + (3 - 19)
16
3 - (5 + (-27 - -28))
-3
Evaluate -15 - (9 + (20 - 7) - 15).
-22
What is the value of 2 - -2 - (-5 - (-5 + 8))?
12
Calculate -3 + 8 - (25 - 10).
-10
Calculate -22 + (23 - 46) + 29 + 0 + -8.
-24
What is the value of -21 + 14 + (-11 - -27) + -25?
-16
Calculate 4 + -17 + (24 - 5).
6
What is the value of -22 + 19 + (5 - (6 - -10))?
-14
7 + (-1 - (11 + -16))
11
What is the value of (3 - -2) + -51 + 12 - -13?
-21
Evaluate 0 + 0 + 9 + (-2 - (-5 + 7)).
5
What is -11 + 1 - -5 - 7?
-12
Calculate (-67 + 27 - -29) + 13 + 6.
8
Calculate -32 + 19 + -9 - -17.
-5
Evaluate 7 - (11 + -38) - 18.
16
Calculate -1 - -1 - -9 - 2.
7
What is ((4 - 0) + 10 - (-1 - -6)) + -2?
7
What is the value of 4 + (-11 - -11) - -8?
12
What is the value of 8 + -10 + 5 + -1 - 4?
-2
What is 11 - (-5 - (12 + -16))?
12
Calculate (-2 - (12 - -1)) + -740 + 747.
-8
Evaluate 11 - (-5 + 0 - (13 + (-23 - -2))).
8
Calculate (-13 - -6) + 24 - (12 - 6).
11
Evaluate (32 - (-13 + 18)) + (-2 - 4).
21
Evaluate 7 - 9 - ((6 - -2) + -2).
-8
Calculate 5 + 7 + -2 + 4 + -8.
6
-11 - -11 - (10 + 0 + -3) - -14
7
What is 128 - 127 - (-2 + 1 + -7 + -1)?
10
Calculate (-6 - 0 - -5 - 8) + 6.
-3
Evaluate -10 + (-8 + 7 + -12 - -13).
-10
What is the value of -19 + 2 - (6 + (-13 - (4 - 3)))?
-9
Evaluate 7 - (-43 + 29 + 15).
6
Calculate -4 + (12 - 17) + (2 - -11).
4
Calculate 6 + -33 + (-9 - (0 - 7)) + 7.
-22
Calculate 3 - (13 + 0) - -13.
3
Evaluate 14 + (3 - -2) - 35.
-16
Evaluate 32 - (2 - (-9 + 1)).
22
Evaluate 36 - 12 - (30 - 8).
2
What is 9 + -1 + (1 - -4 - (46 - 39))?
6
8 - ((2 - -8) + -8)
6
What is the value of -45 - -2 - -21 - -12?
-10
-6 - (-30 + -13 + 11)
26
Calculate 2 + (-6 - -7 - (12 - 9)).
0
(-7 + 25 - 1) + -4 + -23
-10
-4 + 5 + 1 + -9
-7
Evaluate 10 + (35 - 37) + (2 - 2 - -1).
9
0 - -1 - (-1 + -1) - (1112 - 1111)
2
Calculate (3 - 0 - 2) + -14 + 23 + -24.
-14
What is the value of -4 - (-15 + -13 + 25)?
-1
9 + (-46 - -79 - 41) + (-1 - -2)
2
-77 + 65 + 24 + 7
19
What is the value of -2 - (-27 + 52) - -20?
-7
Evaluate -9 + (18 - (5 - 1)).
5
6 + 0 - (0 - -3 - 9 - 0)
12
What is the value of -15 - (-13 - -15) - -19?
2
What is -32 + 30 + -32 - -34?
0
What is the value of -14 + 16 - 12 - (-4 - 1)?
-5
What is the value of 11 + -1 - (-10 + (23 - -2) - 17)?
12
(4 - 2) + 7 - (-113 - -118)
4
Evaluate 39 + -15 + 8 + -1 + -21.
10
What is the value of 24 - 27 - 5 - (-3 + 2 - 16)?
9
Evaluate 46 - 38 - ((-3 - -10) + -2).
3
(13 + -9 - 0) + 4 - (22 + -4)
-10
2 + 3 - (10 + -15 + 3)
7
What is the value of -23 + 11 - 33 - -22?
-23
What is the value of -8 + (9 + 0 - 4)?
-3
What is the value of -1 + -28 + -2 + (6 + -15 - -12)?
-28
-117 + 116 - ((1 - -3) + -2 + 3)
-6
-4 - (-4 + (0 - ((1 - -1) + -1)))
1
What is the value of 26 + -1 + -27 - (2 - 10)?
6
What is 6 